2, 29
Let y = -84 - -90. Suppose m + y - 18 = 0. List the prime factors of -3*24/(-27)*m.
2
Let w(t) = 2*t**2 + 4*t - 2. Let b be w(4). Suppose 94 + b = 7*q. List the prime factors of ((-70)/4)/((38/q)/(-19)).
5, 7
Let v(h) = 172*h + 160. Suppose 591 = -7*j + 633. What are the prime factors of v(j)?
2, 149
Suppose -45*n + 2*m = -42*n - 78153, -n + 4*m = -26051. List the prime factors of n.
109, 239
Suppose 8*i - 9*i = -4. Suppose a + 10 = -i*a. List the prime factors of 34 + ((-2)/(-1) - 2) + a.
2
Let b(q) = 2*q**2 - 31*q + 122. Let d be b(8). Let x = 0 - -3. Suppose d*v = -3*v - 4*h + 22, -x*v + 3*h + 24 = 0. List the prime factors of v.
2, 3
Suppose 38*q - 9*q - 144826 = 277994. List the prime factors of q.
2, 3, 5
Suppose -31 = 11*i + 90. Let b(o) = -2*o**3 - 13*o**2 + 18*o + 17. Let s be b(i). Suppose 5*p + 4*y = s, 2*p + 5*y = 3*p - 199. What are the prime factors of p?
2, 23
Suppose 18*p - 31*p = -1235. Suppose -4235 = -p*f + 90*f. What are the prime factors of f?
7, 11
Let s(i) be the third derivative of -i**6/60 - 13*i**5/40 + i**4 + 7*i**2. Let q(v) be the second derivative of s(v). What are the prime factors of q(-12)?
3, 5, 7
Suppose -l + 17639 + 12266 = 5*z, -2*l = 3*z - 17950. What are the prime factors of z?
2, 5, 13, 23
Suppose 70*d = 57*d + 39. Suppose 2792 = 2*x - 16*k + 18*k, -d*k - 2792 = -2*x. List the prime factors of x.
2, 349
Suppose -4*s = -17*s + 1027. Let n(d) = -6*d + 4. Let i be n(3). Let t = s + i. What are the prime factors of t?
5, 13
Let c(z) = 258*z**2 - z + 3. Let i(x) = 129*x**2 + 1. Let b(u) = 2*c(u) - 5*i(u). Let a be b(1). Let g = -77 - a. What are the prime factors of g?
53
What are the prime factors of (-16 + 17)/(6/297852)?
2, 24821
Let k(r) = 30*r + 12. Let s be 4/2*(-6 + -8 + 16). What are the prime factors of k(s)?
2, 3, 11
List the prime factors of (-836)/176*(-789 - -1).
19, 197
Let y(a) = 3*a**2 + 2*a - 8. Let s be y(4). Let i = 159 + s. Suppose -6*m + 2*m - 3*g + i = 0, 5*g = 5. What are the prime factors of m?
3, 17
Let u = -488 + 345. Let s = u - -1342. What are the prime factors of s?
11, 109
Suppose -80*n - f = -82*n + 72272, -n + 36130 = -2*f. List the prime factors of n.
2, 3, 19, 317
Suppose -78194 + 284435 = 23*s. What are the prime factors of s?
3, 7, 61
Let r(z) = -z**2 + 17*z + 36. Let x be r(19). Let c(u) = 2*u + 5. Let d be c(0). List the prime factors of (d/(-15))/(x/318).
53
Suppose -12*d = -32*d + 143980. List the prime factors of d.
23, 313
Let u(v) = -2*v - 4. Let c be u(-2). Let q be (-32)/(-17) - 8/(-68). Suppose -3*f = -q*y + 336, y + c*f = -3*f + 177. What are the prime factors of y?
3, 19
Suppose -16141*i = -16157*i + 70576. List the prime factors of i.
11, 401
Suppose 17*g + 1736 = 15*g. Let z = 1745 + g. Suppose 10 = 5*y, 207 = -4*c - 5*y + z. What are the prime factors of c?
3, 5, 11
Let j be 4*(-21)/8*-2. Suppose -8*c - 5 = -j. Suppose c*w = -53 + 129. List the prime factors of w.
2, 19
Suppose o - 5*w - 7340 = 0, 4*o - 18438 = 4*w + 10986. List the prime factors of o.
2, 5, 23
Let c be ((-3540)/(-180))/((-2)/(-6)). Let w(p) = -4*p + 412. What are the prime factors of w(c)?
2, 11
Let w = 58 - 39. Suppose 4*l + 9 = -2*x - w, -5*x = 2*l + 46. What are the prime factors of (-6)/x + 4617/36?
3, 43
Let h = 1261 - -676. What are the prime factors of h?
13, 149
Suppose -2*i = -27*c + 22*c + 151479, 5*i - 30258 = -c. What are the prime factors of c?
30293
Let f(g) = 5*g**2 - 77*g + 230. Let b be f(11). Let r be (-37)/2 - (-3)/6. List the prime factors of (-5)/(270/b) - 1310/r.
73
Let r = 18771 + -17563. What are the prime factors of r?
2, 151
Let k be (12/(-8) - -3)*44/(-6). Let a(t) = -149*t - 156. List the prime factors of a(k).
1483
Suppose -102109 = -200*v + 1841691. List the prime factors of v.
9719
Suppose -5 = -5*v + 2*z + 44, 5*z - 70 = -5*v. Suppose 27*y - 16492 = -v*y. What are the prime factors of y?
2, 7, 31
Suppose 29*n = 34*n + 5*o - 36805, 4*n - 29443 = -5*o. What are the prime factors of n?
2, 3, 409
Let b = -64 + 66. Suppose -7*c - b*q + 76 = -2*c, 5*q = 15. What are the prime factors of c?
2, 7
Suppose -3*y + 4*t = t + 22182, -5*t = 3*y + 22206. Let q = 5269 + y. List the prime factors of q/(-26) + (-6)/(-39).
2, 41
Let p be 103/(-4)*(23 + -43). Let w = 775 - p. Suppose w + 58 = 6*x. List the prime factors of x.
53
Let l(d) be the first derivative of -3*d**2 + 68*d - 57. What are the prime factors of l(4)?
2, 11
Suppose 22*s = 27*s - 10. List the prime factors of (368 - -8) + s + -4.
2, 11, 17
Let j(m) = -1408*m**2 + 356*m**2 + 355*m**2 + 356*m**2 + 351*m**2 + 3 + 43*m. Let s(t) = t**3 + t**2 - 8. Let w be s(0). List the prime factors of j(w).
13, 23
Let q be 6 - 2 - ((-5 - -11) + -2). Suppose 679 = 3*u - 4*b + 5*b, q = -3*u + 2*b + 667. What are the prime factors of u?
3, 5
Let j = -164 + 191. Suppose 6880 = j*h - 7*h. What are the prime factors of h?
2, 43
Suppose 0 = -11*t + 41*t - 336750. List the prime factors of t.
5, 449
Suppose 1242*h - 1252*h = -50. Suppose -2*z = p - 3521, h*z - 4*p - 5254 = 2*z. List the prime factors of z.
2, 3, 293
Let m = -1 - 1. Suppose j = -2*f + 33, 3*f + 4*j - 45 - 12 = 0. Let a = f + m. What are the prime factors of a?
13
Let b = 490 + 291. Suppose -2*y + 6*y - u - 3151 = 0, y + 2*u - b = 0. List the prime factors of y.
787
Let h be 360/(-108)*(2 + (-14)/4). List the prime factors of ((-4075)/125)/(4/h)*-36.
3, 163
Let t(g) = g**2 - 9*g + 40. Let q be t(9). What are the prime factors of 8/q + 918/10?
2, 23
Suppose 16 = 11*j - 6*j - 3*i, 4*i = 3*j - 14. What are the prime factors of (j/(-3))/(10 + (-57844)/5784)?
2, 241
Let k(o) = -1473*o + 456. List the prime factors of k(-6).
2, 3, 1549
What are the prime factors of 9198 + -1 + (-78 - -76)?
3, 5, 613
Let i(k) = 56*k**2 - 2*k - 26. Let g be i(6). Suppose g = -17*m + 19*m. List the prime factors of m.
23, 43
Let a = -219 - -236. Let p(m) = -m**3 + 20*m**2 - 23*m - 41. What are the prime factors of p(a)?
3, 5, 29
Let g = -10 + 19. Suppose -141*t - 138*t - 14 = -280*t. List the prime factors of t/(-12)*-26 + (-3)/g.
2, 3, 5
Let o = 52 + -29. Let w(a) = 20*a - 12*a + 13 + o*a. List the prime factors of w(4).
137
Suppose -3*a = -4*x - 101230, -168732 = 573*a - 578*a - x. What are the prime factors of a?
2, 47, 359
Let b = 66 + -62. Suppose 5*p + 25 = 5*h, h = 4*h - b*p - 16. Suppose 0 = -h*c - 128 + 636. What are the prime factors of c?
127
Suppose -4*o = d - 24, -6 = -o + 2*d + 2*d. Let k(w) = 10*w**2 + 22*w - 33. List the prime factors of k(o).
3, 17
Let d be (-1620)/10 + 9/(-3). Let h = d - -217. What are the prime factors of h?
2, 13
List the prime factors of 6/15 - (-7132318)/1305 - (-6)/27.
2, 3, 911
Let o(a) be the second derivative of 137*a**3/6 - 9*a**2/2 + 20*a. Let u be o(3). What are the prime factors of (-3*2/(-12))/(3/u)?
67
Suppose -2*y - 2*g + 239130 = 2*y, -5*y = -g - 298930. What are the prime factors of y?
5, 11, 1087
Suppose 489*b - 493*b + 2*x + 144172 = 0, 5*b - 3*x = 180214. List the prime factors of b.
2, 9011
Let f be ((-1)/2)/(-1)*-482. Let r = f + 532. Let a = r - 165. What are the prime factors of a?
2, 3, 7
Suppose 1 = 4*x - 2*n + n, -1 = 4*x + n. Suppose v + k + x*k = -1, 3*v - 12 = 2*k. Suppose r = v*r - 79. What are the prime factors of r?
79
Let v = -6396 + 14211. What are the prime factors of v?
3, 5, 521
Suppose k + 5*y - 1326 = 0, -3*k = 5*y - 1581 - 2467. What are the prime factors of k?
1361
Let j = 41 - 33. Let k = j + -9. What are the prime factors of ((-16)/2)/(-1 + k)?
2
What are the prime factors of 800114/98 - (-36)/(-84)?
2, 13, 157
Suppose -x + 3*l = -6004, 2*x + 2*l = -l + 11981. List the prime factors of x.
5, 11, 109
Suppose 584 = 14*j - 10*j. Let w = j - -60. What are the prime factors of w?
2, 103
Let k(l) = 584*l**2 - 60*l - 103. List the prime factors of k(-2).
13, 181
Let b(i) = -9*i - 97. Let u be b(-11). What are the prime factors of u - ((-8)/40 + (-4019)/5)?
2, 13, 31
Suppose 4*g - 335 - 865 = 0. Suppose 4*z = 5*i + g + 272, z + 2*i - 156 = 0. Let p = z + -97. What are the prime factors of p?
3, 17
Let d = -3483 + 5111. Suppose g - 5*x - d = -9*x, -3*g = -5*x - 4884. List the prime factors of g.
2, 11, 37
Let u(z) = 2*z**2 + z - 3. Let a be u(-2). Suppose 0*l = a*l - 1998. What are the prime factors of l?
2, 3, 37
Sup